{"id":1491,"date":"2009-08-14T16:56:45","date_gmt":"2009-08-14T14:56:45","guid":{"rendered":"http:\/\/movimientobiblicolugo.org\/?page_id=1491"},"modified":"2021-09-29T21:00:07","modified_gmt":"2021-09-29T20:00:07","slug":"calendario","status":"publish","type":"page","link":"http:\/\/movimientobiblicolugo.org\/?page_id=1491","title":{"rendered":"Curso Online 2021 &#8211; 2022"},"content":{"rendered":"\n<p>Estudiaremos las Comunidades Cristianas de los a\u00f1os 30-70: su situaci\u00f3n geogr\u00e1fica y cultural, sus modos de vida, su actividad evangelizadora, sus anuncios de fe, el esp\u00edritu nuevo surgido de la Resurrecci\u00f3n del Se\u00f1or Jes\u00fas y expresado en las Bienaventuranzas, sus problemas y dificultades, sus celebraciones comunitarias, en especial la Eucarist\u00eda.<\/p>\n\n\n\n<p>Acompa\u00f1aremos a PABLO de TARSO en sus viajes&#8230; una figura apasionante. 40 a\u00f1os de una vida llena de aventura cristiana, de imprevistos y &nbsp;llena de peligros.<\/p>\n\n\n\n<figure class=\"wp-block-image size-large\"><img loading=\"lazy\" width=\"324\" height=\"505\" src=\"http:\/\/movimientobiblicolugo.org\/wp-content\/uploads\/portada.jpg\" alt=\"\" class=\"wp-image-6943\" srcset=\"http:\/\/movimientobiblicolugo.org\/wp-content\/uploads\/portada.jpg 324w, http:\/\/movimientobiblicolugo.org\/wp-content\/uploads\/portada-192x300.jpg 192w\" sizes=\"(max-width: 324px) 100vw, 324px\" \/><\/figure>\n\n\n\n<p><\/p>\n\n\n<p style=\"text-align: center;\"><span style=\"color: #ffffff;\">++++++<\/span><span style=\"color: #ffffff;\">&#8212;&#8212;&#8212;&#8212;&#8211;<\/span><em><span style=\"letter-spacing: -0.6pt; font-size: 12pt; mso-font-kerning: 18.0pt; mso-bidi-font-weight: bold;\"><span style=\"color: #000000;\"><span style=\"color: #ffffff;\">&#8212;&#8212;&#8212;&#8212;&#8212;&#8211;l<\/span><\/span><\/span><\/em><\/p>\n<h2>Iniciamos los cursos b\u00edblicos de forma online, usando las herramientas de las nuevas tecnolog\u00edas presentamos un curso por internet destinada a agentes de pastoral, catequistas, movimientos laicales y a todas aquellas personas que tengan inter\u00e9s en acercarse a la Biblia.<\/h2>\n<h2>La modalidad online nos permite adaptarnos a los distintos ritmos de los usuarios y a las diversas situaciones en que puedan encontrarse, a participar desde cualquier punto de nuestra geograf\u00eda, y a la interacci\u00f3n entre los monitores y los usuarios, y estos entre s\u00ed.<\/h2>\n<h2>El curso comienza en el mes de octubre hasta junio. Se ofrecen materiales y documentos para el trabajo personal. Se promueve la participaci\u00f3n del foro y actividades de autoevaluaci\u00f3n para facilitar un control del propio aprendizaje.<\/h2>\n<h2>No es necesario tener conocimientos exhaustivos de la ense\u00f1anza virtual, ni descargar ning\u00fan programa espec\u00edfico,\u00a0 basta con conocimientos b\u00e1sicos de uso de interne<\/h2>\n<h2 style=\"text-align: center;\">\u00a0<\/h2>\n<address>\u00a0<\/address><address>\u00a0<\/address>","protected":false},"excerpt":{"rendered":"<p>Estudiaremos las Comunidades Cristianas de los a\u00f1os 30-70: su situaci\u00f3n geogr\u00e1fica y cultural, sus modos de vida, su actividad evangelizadora, sus anuncios de fe, el esp\u00edritu nuevo surgido de la Resurrecci\u00f3n del Se\u00f1or Jes\u00fas y expresado en las Bienaventuranzas, sus &hellip; <a href=\"http:\/\/movimientobiblicolugo.org\/?page_id=1491\">Sigue leyendo <span class=\"meta-nav\">&rarr;<\/span><\/a><\/p>\n","protected":false},"author":4,"featured_media":0,"parent":123,"menu_order":1,"comment_status":"open","ping_status":"open","template":"","meta":[],"_links":{"self":[{"href":"http:\/\/movimientobiblicolugo.org\/index.php?rest_route=\/wp\/v2\/pages\/1491"}],"collection":[{"href":"http:\/\/movimientobiblicolugo.org\/index.php?rest_route=\/wp\/v2\/pages"}],"about":[{"href":"http:\/\/movimientobiblicolugo.org\/index.php?rest_route=\/wp\/v2\/types\/page"}],"author":[{"embeddable":true,"href":"http:\/\/movimientobiblicolugo.org\/index.php?rest_route=\/wp\/v2\/users\/4"}],"replies":[{"embeddable":true,"href":"http:\/\/movimientobiblicolugo.org\/index.php?rest_route=%2Fwp%2Fv2%2Fcomments&post=1491"}],"version-history":[{"count":122,"href":"http:\/\/movimientobiblicolugo.org\/index.php?rest_route=\/wp\/v2\/pages\/1491\/revisions"}],"predecessor-version":[{"id":6992,"href":"http:\/\/movimientobiblicolugo.org\/index.php?rest_route=\/wp\/v2\/pages\/1491\/revisions\/6992"}],"up":[{"embeddable":true,"href":"http:\/\/movimientobiblicolugo.org\/index.php?rest_route=\/wp\/v2\/pages\/123"}],"wp:attachment":[{"href":"http:\/\/movimientobiblicolugo.org\/index.php?rest_route=%2Fwp%2Fv2%2Fmedia&parent=1491"}],"curies":[{"name":"wp","href":"https:\/\/api.w.org\/{rel}","templated":true}]}}