{"id":21,"date":"2009-07-10T12:25:01","date_gmt":"2009-07-10T10:25:01","guid":{"rendered":"http:\/\/movimientobiblicolugo.org\/?page_id=21"},"modified":"2011-07-15T15:03:58","modified_gmt":"2011-07-15T13:03:58","slug":"grupos-biblicos","status":"publish","type":"page","link":"http:\/\/movimientobiblicolugo.org\/?page_id=21","title":{"rendered":"Catequesis b\u00edblicas"},"content":{"rendered":"<p style=\"text-align: center;\">&nbsp;<\/p>\n<p class=\"MsoNormal\" style=\"text-align: justify; text-indent: 35.45pt; margin-left: 0cm;\"><span style=\"font-size: 10pt; font-family: &amp;quot;Tahoma&amp;quot;,&amp;quot;sans-serif&amp;quot;;\"><span style=\"font-size: 10pt; font-family: &amp;quot;Tahoma&amp;quot;,&amp;quot;sans-serif&amp;quot;;\">Adem\u00e1s de los CURSOS B\u00cdBLICOS, que exigen un esfuerzo de asistencia y de estudio, el MBD ofrece tambi\u00e9n <strong><em>encuentros b\u00edblicos, de nivel m\u00e1s sencillo,<\/em><\/strong> en las parroquias, en los movimientos de apostolado&#8230; y en cualquier lugar o \u00e1mbito donde se soliciten.<\/span><\/span><\/p>\n<p style=\"text-align: justify;\"><a href=\"http:\/\/movimientobiblicolugo.org\/wp-content\/uploads\/2009\/07\/catequesis-biblicas1.jpg\"><img loading=\"lazy\" class=\"size-full wp-image-695 alignright\" title=\"catequesis-biblicas1\" src=\"http:\/\/movimientobiblicolugo.org\/wp-content\/uploads\/2009\/07\/catequesis-biblicas1.jpg\" alt=\"catequesis-biblicas1\" width=\"243\" height=\"177\" \/><\/a><span style=\"font-size: 10pt; font-family: &amp;quot;Tahoma&amp;quot;,&amp;quot;sans-serif&amp;quot;;\">La programaci\u00f3n de estos encuentros no est\u00e1 fijada de antemano, sino que es abierta, intentando responder a las necesidades de quienes los pidan. Esta <strong><em>\u00abprogramaci\u00f3n a la carta\u00bb<\/em><\/strong> se determina en cada caso, fijando temas, tiempos, m\u00e9todos, asistencia, etc. seg\u00fan posibilidades y necesidades.<\/span><\/p>\n<p style=\"text-align: justify;\"><span style=\"font-size: 10pt; font-family: &amp;quot;Tahoma&amp;quot;,&amp;quot;sans-serif&amp;quot;;\">As\u00ed se han organizado cursos y actividades b\u00edblicas <strong><span style=\"font-family: &amp;quot;Tahoma&amp;quot;,&amp;quot;sans-serif&amp;quot;;\"><em>en casi todas las zonas de la Di\u00f3cesis<\/em><\/span><span style=\"font-family: &amp;quot;Tahoma&amp;quot;,&amp;quot;sans-serif&amp;quot;;\">.<\/span><\/strong> En la actualidad se puede afirmar que el MBD ha estado presente, en el 80 % de las zonas diocesanas.<\/span><\/p>\n<p style=\"text-align: justify;\"><span style=\"font-size: 10pt; font-family: &amp;quot;Tahoma&amp;quot;,&amp;quot;sans-serif&amp;quot;;\">Esto supuso un gran esfuerzo de tiempo y muchos kil\u00f3metros invertidos en la atenci\u00f3n de grupos zonales durante estos a\u00f1os, pero hay que confesar que todo este esfuerzo ha tenido una compensaci\u00f3n impagable: la cari\u00f1osa acogida y el trabajo ilusionado que estos grupos de zona presentaron siempre.<\/span><\/p>\n<p style=\"text-align: justify;\"><span style=\"font-size: 10pt; font-family: &amp;quot;Tahoma&amp;quot;,&amp;quot;sans-serif&amp;quot;;\">En esta l\u00ednea se est\u00e1n realizando <em><strong>otras actividades:<\/strong><\/em><br \/>\n<\/span><\/p>\n<blockquote>\n<address><strong><em>Cursillos b\u00edblicos puntuales<\/em><\/strong><\/address>\n<address><strong><em>Conferencias de tema b\u00edblico<\/em><\/strong><\/address>\n<address><strong><em>Convivencias b\u00edblicas locales<\/em><\/strong><br \/>\n<strong> <\/strong><strong><em> <\/em><\/strong> <\/address>\n<address><strong><em>Cooperaci\u00f3n con otros sectores de la pastoral diocesana<\/em><\/strong><br \/>\n<strong> <\/strong><strong><em> <\/em><\/strong> <\/address>\n<address><strong><em>Participaci\u00f3n en la Formaci\u00f3n permanente de Clero<\/em><\/strong><br \/>\n<strong> <\/strong><strong><em> <\/em><\/strong> <\/address>\n<address> <strong>Art\u00edculos en varias revistas<\/strong><\/address>\n<address><strong><em>Asesoramiento de otras actividades b\u00edblicas<\/em><\/strong><\/address>\n<p> <strong><strong><em>Intercambio de experiencias con otras actividades b\u00edblicas en Galicia<\/em><\/strong><\/strong><\/p><\/blockquote>\n","protected":false},"excerpt":{"rendered":"<p>&nbsp; Adem\u00e1s de los CURSOS B\u00cdBLICOS, que exigen un esfuerzo de asistencia y de estudio, el MBD ofrece tambi\u00e9n encuentros b\u00edblicos, de nivel m\u00e1s sencillo, en las parroquias, en los movimientos de apostolado&#8230; y en cualquier lugar o \u00e1mbito donde &hellip; <a href=\"http:\/\/movimientobiblicolugo.org\/?page_id=21\">Sigue leyendo <span class=\"meta-nav\">&rarr;<\/span><\/a><\/p>\n","protected":false},"author":1,"featured_media":0,"parent":123,"menu_order":4,"comment_status":"open","ping_status":"open","template":"","meta":[],"_links":{"self":[{"href":"http:\/\/movimientobiblicolugo.org\/index.php?rest_route=\/wp\/v2\/pages\/21"}],"collection":[{"href":"http:\/\/movimientobiblicolugo.org\/index.php?rest_route=\/wp\/v2\/pages"}],"about":[{"href":"http:\/\/movimientobiblicolugo.org\/index.php?rest_route=\/wp\/v2\/types\/page"}],"author":[{"embeddable":true,"href":"http:\/\/movimientobiblicolugo.org\/index.php?rest_route=\/wp\/v2\/users\/1"}],"replies":[{"embeddable":true,"href":"http:\/\/movimientobiblicolugo.org\/index.php?rest_route=%2Fwp%2Fv2%2Fcomments&post=21"}],"version-history":[{"count":38,"href":"http:\/\/movimientobiblicolugo.org\/index.php?rest_route=\/wp\/v2\/pages\/21\/revisions"}],"predecessor-version":[{"id":3742,"href":"http:\/\/movimientobiblicolugo.org\/index.php?rest_route=\/wp\/v2\/pages\/21\/revisions\/3742"}],"up":[{"embeddable":true,"href":"http:\/\/movimientobiblicolugo.org\/index.php?rest_route=\/wp\/v2\/pages\/123"}],"wp:attachment":[{"href":"http:\/\/movimientobiblicolugo.org\/index.php?rest_route=%2Fwp%2Fv2%2Fmedia&parent=21"}],"curies":[{"name":"wp","href":"https:\/\/api.w.org\/{rel}","templated":true}]}}